 b be -21*(-3 - -1)/2. Suppose 0 = -3*f + 15 + b. Calculate the remainder when 22 is divided by f.
10
Let l = 0 + 1. Suppose p + 10 - 111 = -3*n, 3*n + 5*p = 97. What is the remainder when n is divided by 6*(l/1 - -2)?
16
Suppose 3*y - 3 = 2*y. Suppose -5*m + 1 = 2*p, -5*m = -y*p - 0*p - 11. What is the remainder when 4/(12/15)*m is divided by 3?
2
Suppose 128 = 2*t - 0*t. Calculate the remainder when t is divided by 152/7 + 4/14.
20
Let a = 26 + -17. Let x be (-6)/(-1 - 0) + -3. What is the remainder when 25/(x/3) + 0 is divided by a?
7
Suppose 0 = -2*u + 4*z + 28, -z - 50 = -4*u + 4*z. Let s(l) = -l + 1. Let p be s(0). Calculate the remainder when 2/(-2) - -29*p is divided by u.
8
Let g(l) = 2*l**3 - l**2 + 3*l. Calculate the remainder when 52 is divided by g(2).
16
Let m(g) = 1 + 3 + 2*g**2 + 11*g - 1 - 1. What is the remainder when m(-9) is divided by 17?
14
Let m(u) = -13*u + 9. What is the remainder when m(-6) is divided by 11?
10
Let v(n) = n**2 - 14*n + 15. What is the remainder when 149 is divided by v(15)?
29
Let a(n) = n**2 - 12*n + 2. Let f be a(12). Suppose -3*z - f*l + 129 = l, 2*z = -3*l + 90. Calculate the remainder when z is divided by 10.
9
Let p(b) = b**3 + 10*b**2 - 11*b + 12. Let m be p(-11). Suppose c = 6 + m. What is the remainder when 51 is divided by c?
15
Suppose 3*q + 10 + 2 = 0. What is the remainder when (51/(-6) + 1)*q is divided by 11?
8
Let y(m) = 2*m**2 - 6*m + 3. What is the remainder when y(-6) is divided by 19?
16
Suppose -4*w + 13 = 3*f, -4*f = -2*w - 0*w - 54. Calculate the remainder when (-4)/(-6)*6*8 is divided by f.
10
Let a(k) = k**3 + k**2 - k + 4. Calculate the remainder when 15 is divided by a(0).
3
Let z(q) = 2*q**2 + 3*q - 2. Suppose 0 = u - 5*n - 1, -2*u - 3*n = 3*u + 23. What is the remainder when 34 is divided by z(u)?
16
Calculate the remainder when 38 is divided by (17 - 4 - 2)/1.
5
Suppose -221 = -4*o - 77. Suppose 0 = -4*b + 4*s + s + 103, -5*s = -25. Let r = -13 + b. Calculate the remainder when o is divided by r.
17
Suppose -5 = -3*x + 7. Suppose g - b + 3*b + 2 = 0, -5*b + 10 = 5*g. Calculate the remainder when g is divided by x.
2
Suppose -4*y = -6 - 2. Suppose -n - y*n + 24 = 0. Calculate the remainder when 21 is divided by n.
5
Let c = 80 + -27. Let d(x) = -x**3 + 5*x**2 + x - 2. Suppose -2*l + 5*y = 5 + 12, 2*y - 10 = 0. What is the remainder when c is divided by d(l)?
17
Let t(y) = -3*y + 0*y**2 + 3 + 3*y**3 - 2*y**3 + 0*y**2. Calculate the remainder when 9 is divided by t(2).
4
Let g(b) = b + 11. Let o(u) = -u**3 - 8*u**2 - 6*u + 10. Let v be o(-7). Let w = -2 + v. Calculate the remainder when g(-9) is divided by w.
0
Let g(i) = i**3 - i + 8. What is the remainder when 30 is divided by g(0)?
6
Suppose -50 = -4*w - 3*z, -5*z + 0*z = -3*w + 23. What is the remainder when 42 is divided by w?
9
Calculate the remainder when 6/27*69*3 is divided by 12.
10
Let c(q) be the second derivative of q - 1/2*q**3 - 3/2*q**2 + 7/12*q**4 + 0. Calculate the remainder when c(3) is divided by 13.
12
Let m(y) = y + 6. What is the remainder when 21 is divided by m(2)?
5
Calculate the remainder when ((-70)/8)/(-7)*44 is divided by ((-68)/4 - -3)/(-1).
13
Suppose 2*n - 20 = -2*o, -80 = -4*n + 3*o + o. Let h = 42 - 13. Calculate the remainder when h is divided by n.
14
Calculate the remainder when ((-4)/(-30)*-3)/((-3)/165) is divided by 12.
10
Suppose y + 4*c - 47 - 5 = 0, 2*c = -6. Suppose -4*t + 64 = z, 5*t = t - 4*z + y. What is the remainder when 31 is divided by t?
15
Let c(q) = -q**3 - q**2 + 6*q + 2. Let i(h) = 4*h - 6 + 2 - 5*h + 1 + h**2. Calculate the remainder when c(-4) is divided by i(-3).
8
Let m(b) = b. Let i be m(1). What is the remainder when 27 is divided by (-3 - -4)*(13 + i)?
13
Let m(l) = l**2 - 15*l - 9. Calculate the remainder when 49 is divided by m(17).
24
Suppose -5*b - 5*l + 330 = 0, 5*l - 15 = -0*l. What is the remainder when b is divided by (-444)/(-28) + (-1)/(-7)?
15
Suppose 6 = 2*z, -3*c + 5 = -3*z - 10. Suppose -o = 8*o - 261. Calculate the remainder when o is divided by c.
5
Let p(t) = t**3 - 3*t**2 - 2*t - 3. Let y be p(4). Let a = -2 - -4. What is the remainder when 8 is divided by (-1)/((a - y)/9)?
2
Suppose 0 = 4*f - 8*f - 4*h + 356, 267 = 3*f - 2*h. What is the remainder when f is divided by 18?
17
Let a(q) be the third derivative of q**6/120 - q**5/12 - q**4/4 + q**3/6 + 2*q**2. Calculate the remainder when (-3)/(-9) - (-2)/3 is divided by a(6).
0
Let c(q) = -2*q + 1. Let p be c(-4). Let d(f) = f**3 - 8*f**2 - 7*f - 7. Calculate the remainder when 30 is divided by d(p).
8
What is the remainder when 88*(5/50)/(2/15) is divided by 17?
15
Let k(r) = -r + 2. Let u be k(-2). Suppose -40 = -u*p + 60. Calculate the remainder when 97 is divided by p.
22
Let f(b) be the third derivative of -b**6/60 + b**5/10 - b**4/8 + b**3/3 + 2*b**2. Let r be f(4). Calculate the remainder when (-3)/6*(0 + r) is divided by 11.
10
Let g(u) = 13*u**2 - 4*u + 2. Let o(b) = 3*b + 3. What is the remainder when g(2) is divided by o(7)?
22
Suppose -4*q + 2*q + 5*v = -93, 3*v + 207 = 4*q. Calculate the remainder when q is divided by 19.
16
Suppose -4*z - 5*t + 175 = 0, 0*t - 3*t + 177 = 4*z. What is the remainder when z is divided by 12?
9
Let p(o) = -4*o - 1. Let v(c) = -20*c. Let f be v(-2). Let r = f - 19. What is the remainder when r is divided by p(-3)?
10
Suppose 3*x - 21 = 78. Calculate the remainder when 65 is divided by x.
32
Suppose -5 = -3*z - 5*g + 15, 2*z = -2*g + 12. Suppose -10*i = -z*i - 235. Calculate the remainder when i is divided by 25.
22
Let q = 32 - 5. Let v = 44 - q. Calculate the remainder when 31 is divided by v.
14
Let s(a) = a**2 + 7*a + 27. Calculate the remainder when s(-8) is divided by 12.
11
Let d = 1 - -1. Let m = 7 - d. Suppose 2*h = -i + 56 - 11, -5*i = -h - m. Calculate the remainder when h is divided by 7.
6
Suppose 0*m = 3*t - m - 192, 2*m = 3*t - 192. Calculate the remainder when t is divided by 22.
20
Let p(n) = n**3 - 13*n**2 + 3*n - 13. Calculate the remainder when 49 is divided by p(13).
23
Let g(x) be the third derivative of x**4/3 - x**3/6 - 2*x**2. Let i be (2 + 0)/((-4)/(-8)). Calculate the remainder when g(i) is divided by 11.
9
Suppose -w + 13 + 18 = 0. What is the remainder when w is divided by -20*(3 - (-38)/(-10))?
15
Suppose -53 + 263 = 3*q. Calculate the remainder when q is divided by 12.
10
Suppose 7*o - 3*o + 101 = -5*u, -4*o + 2*u - 122 = 0. Let t = -13 - o. Calculate the remainder when 45 is divided by t.
13
Let z = 1 - 2. Calculate the remainder when 31 + (z - 2)/(-3) is divided by 11.
10
Let p = -2 - -5. Calculate the remainder when 4 - 2 - (-3 - -4 - 2) is divided by p.
0
Let r = -30 - -42. What is the remainder when r is divided by 2 + -2 - (-12 - (-49)/7)?
2
Suppose 2*b - 75 + 23 = 0. What is the remainder when 147*2*2/12 is divided by b?
23
Suppose -17*n + 3*n + 238 = 0. What is the remainder when 169 is divided by n?
16
Suppose -x + 4*x = 9. Suppose -x*y + 119 = 3*f - 7*y, 5*f - 181 = -2*y. What is the remainder when f is divided by 19?
18
Suppose 223 = 27*w - 587. What is the remainder when 89 is divided by w?
29
Let g = 155 - 75. Calculate the remainder when g is divided by 9.
8
Let p(a) = a**2 - 5*a + 4. Let g be p(3). Calculate the remainder when 8 is divided by (-2 - (-2)/(-4))*g.
3
Let v = 8 - 3. Suppose 5*p - 63 - 37 = 0. Suppose -p = -4*l - 4. What is the remainder when v is divided by l?
1
Let s be 10/8*-23*-4. Let k be (1 + -2)*2*-3. Suppose -k*b + s = -b. Calculate the remainder when b is divided by 8.
7
Let j = -43 - -150. Calculate the remainder when j is divided by 22.
19
Let c be -1*(4 - 0 - 4). Suppose 34 = -c*y + y. Calculate the remainder when y is divided by 12.
10
What is the remainder when ((-6)/2 - -1)/((-13)/832) is divided by 43?
42
Let f(v) = 4*v + 2. What is the remainder when f(6) is divided by 6/10 - (-714)/85?
8
Let k(i) = 7*i - 5. Suppose 3*l - 4*l = -12. Let x = l + 19. Calculate the remainder when x is divided by k(3).
15
Let l = 1 + -2. Let w be 1*((-2)/l - -4). Suppose -10 - w = -m. What is the remainder when m is divided by 6?
4
Let l = 234 - 48. What is the remainder when l/18 + 4/6 is divided by (-2)/7 + (-23)/(-7)?
2
Suppose -14 = 4*f - 2*v, 4*f + 4*v - 16 = -0. Let q = f - -6. Let c(b) = -3